{"id":10,"date":"2022-01-17T17:32:57","date_gmt":"2022-01-17T17:32:57","guid":{"rendered":"http:\/\/theidasworld.com\/kkv\/?page_id=10"},"modified":"2022-02-28T23:22:50","modified_gmt":"2022-02-28T23:22:50","slug":"programi","status":"publish","type":"page","link":"https:\/\/klizackiklubvojvodina.rs\/index.php\/programi\/","title":{"rendered":"Programi"},"content":{"rendered":"\n<figure class=\"wp-block-image size-full\"><img loading=\"lazy\" decoding=\"async\" width=\"236\" height=\"214\" src=\"https:\/\/klizackiklubvojvodina.rs\/wp-content\/uploads\/2022\/01\/pingvin.jpg\" alt=\"\" class=\"wp-image-67\"\/><\/figure>\n\n\n\n<ul class=\"wp-block-list\"><li><a href=\"https:\/\/klizackiklubvojvodina.rs\/index.php\/programi\/skola-klizanja-i-umetnickog-klizanja\/\" data-type=\"page\" data-id=\"66\">\u0160KOLA KLIZANJA I UMETNI\u010cKOG KLIZANJA<\/a><\/li><li><a href=\"https:\/\/klizackiklubvojvodina.rs\/index.php\/programi\/obuka-klizanja-za-studente-fakulteta-fizicke-kulture\/\" data-type=\"page\" data-id=\"70\">OBUKA KLIZANJA ZA STUDENTE FAKULTETA FIZI\u010cKE KULTURE<\/a><\/li><li><a href=\"https:\/\/klizackiklubvojvodina.rs\/index.php\/programi\/trenazni-rad-sa-takmicarima\/\" data-type=\"page\" data-id=\"72\">TRENA\u017dNI RAD SA TAKMI\u010cARIMA<\/a><\/li><\/ul>\n\n\n\n<p><\/p>\n","protected":false},"excerpt":{"rendered":"<p>\u0160KOLA KLIZANJA I UMETNI\u010cKOG KLIZANJA OBUKA KLIZANJA ZA STUDENTE FAKULTETA FIZI\u010cKE KULTURE TRENA\u017dNI RAD SA TAKMI\u010cARIMA<\/p>\n","protected":false},"author":1,"featured_media":0,"parent":0,"menu_order":3,"comment_status":"closed","ping_status":"closed","template":"","meta":{"footnotes":""},"class_list":["post-10","page","type-page","status-publish","hentry"],"_links":{"self":[{"href":"https:\/\/klizackiklubvojvodina.rs\/index.php\/wp-json\/wp\/v2\/pages\/10","targetHints":{"allow":["GET"]}}],"collection":[{"href":"https:\/\/klizackiklubvojvodina.rs\/index.php\/wp-json\/wp\/v2\/pages"}],"about":[{"href":"https:\/\/klizackiklubvojvodina.rs\/index.php\/wp-json\/wp\/v2\/types\/page"}],"author":[{"embeddable":true,"href":"https:\/\/klizackiklubvojvodina.rs\/index.php\/wp-json\/wp\/v2\/users\/1"}],"replies":[{"embeddable":true,"href":"https:\/\/klizackiklubvojvodina.rs\/index.php\/wp-json\/wp\/v2\/comments?post=10"}],"version-history":[{"count":6,"href":"https:\/\/klizackiklubvojvodina.rs\/index.php\/wp-json\/wp\/v2\/pages\/10\/revisions"}],"predecessor-version":[{"id":168,"href":"https:\/\/klizackiklubvojvodina.rs\/index.php\/wp-json\/wp\/v2\/pages\/10\/revisions\/168"}],"wp:attachment":[{"href":"https:\/\/klizackiklubvojvodina.rs\/index.php\/wp-json\/wp\/v2\/media?parent=10"}],"curies":[{"name":"wp","href":"https:\/\/api.w.org\/{rel}","templated":true}]}}