{"id":70,"date":"2022-01-21T21:52:22","date_gmt":"2022-01-21T21:52:22","guid":{"rendered":"https:\/\/klizackiklubvojvodina.rs\/?page_id=70"},"modified":"2022-01-21T21:52:22","modified_gmt":"2022-01-21T21:52:22","slug":"obuka-klizanja-za-studente-fakulteta-fizicke-kulture","status":"publish","type":"page","link":"https:\/\/klizackiklubvojvodina.rs\/index.php\/programi\/obuka-klizanja-za-studente-fakulteta-fizicke-kulture\/","title":{"rendered":"OBUKA KLIZANJA ZA STUDENTE FAKULTETA FIZI\u010cKE KULTURE"},"content":{"rendered":"\n<p>\u201eObuka klizanja za studente Fakulteta fizi\u010dke kulture se ve\u0107 tri godine organizuje kao ponuda za predmet Aktivnosti u prirodi.<\/p>\n\n\n\n<p>Cilj ovog programa je da u deset \u010dasova studentima ponudi ne samo obuku klizanja nego i teorijsko znanje koje \u0107e dalje mo\u0107i da primenjuju na \u0161kolskoj deci. Skripta \u201eMoja metoda \u2013 \u0160kola klizanja i umetni\u010dkog klizanja\u201c po kojoj se studenti spremaju za teorijski deo ispita mo\u017ee se na\u0107i na site-u Kliza\u010dkog kluba Vojvodina.<\/p>\n\n\n\n<p><strong>PROGRAM RADA<\/strong><\/p>\n\n\n\n<ol class=\"wp-block-list\" type=\"1\"><li>Obuka osnovnih kliza\u010dkih elemenata za nekliza\u010de<\/li><li>Obuka slo\u017eenijih kliza\u010dkih elemenata za kliza\u010de<\/li><li>Metodika rada sa decom<\/li><li>Upoznavanje sa zna\u010dajem klizanja kao i istorijom ovog sporta<\/li><li>Bezbedno klizanje<\/li><\/ol>\n","protected":false},"excerpt":{"rendered":"<p>\u201eObuka klizanja za studente Fakulteta fizi\u010dke kulture se ve\u0107 tri godine organizuje kao ponuda za predmet Aktivnosti u prirodi. Cilj&hellip;<\/p>\n","protected":false},"author":1,"featured_media":0,"parent":10,"menu_order":2,"comment_status":"closed","ping_status":"closed","template":"","meta":{"footnotes":""},"class_list":["post-70","page","type-page","status-publish","hentry"],"_links":{"self":[{"href":"https:\/\/klizackiklubvojvodina.rs\/index.php\/wp-json\/wp\/v2\/pages\/70","targetHints":{"allow":["GET"]}}],"collection":[{"href":"https:\/\/klizackiklubvojvodina.rs\/index.php\/wp-json\/wp\/v2\/pages"}],"about":[{"href":"https:\/\/klizackiklubvojvodina.rs\/index.php\/wp-json\/wp\/v2\/types\/page"}],"author":[{"embeddable":true,"href":"https:\/\/klizackiklubvojvodina.rs\/index.php\/wp-json\/wp\/v2\/users\/1"}],"replies":[{"embeddable":true,"href":"https:\/\/klizackiklubvojvodina.rs\/index.php\/wp-json\/wp\/v2\/comments?post=70"}],"version-history":[{"count":1,"href":"https:\/\/klizackiklubvojvodina.rs\/index.php\/wp-json\/wp\/v2\/pages\/70\/revisions"}],"predecessor-version":[{"id":71,"href":"https:\/\/klizackiklubvojvodina.rs\/index.php\/wp-json\/wp\/v2\/pages\/70\/revisions\/71"}],"up":[{"embeddable":true,"href":"https:\/\/klizackiklubvojvodina.rs\/index.php\/wp-json\/wp\/v2\/pages\/10"}],"wp:attachment":[{"href":"https:\/\/klizackiklubvojvodina.rs\/index.php\/wp-json\/wp\/v2\/media?parent=70"}],"curies":[{"name":"wp","href":"https:\/\/api.w.org\/{rel}","templated":true}]}}